n factor of 27 and 6273081?
9
Calculate the highest common divisor of 1227 and 62469842.
409
Calculate the greatest common factor of 97424847 and 45.
9
What is the highest common divisor of 18 and 168729201?
9
Calculate the greatest common divisor of 75128 and 3272.
8
What is the greatest common divisor of 207719943 and 71?
71
Calculate the greatest common factor of 1510670 and 8330.
490
Calculate the greatest common factor of 5855631 and 17016.
2127
What is the greatest common divisor of 36720 and 2420280?
1080
Calculate the greatest common factor of 249145 and 39000.
65
Calculate the greatest common factor of 21736 and 800800.
1144
Calculate the highest common divisor of 133373900 and 176.
44
What is the greatest common divisor of 10837017 and 5292?
27
Calculate the highest common factor of 933740 and 320.
20
Calculate the highest common divisor of 100 and 944068.
4
What is the greatest common divisor of 858697 and 13664?
427
Calculate the highest common factor of 19175 and 40963.
13
What is the greatest common factor of 39646 and 459156?
922
Calculate the greatest common divisor of 1863 and 320574483.
621
What is the greatest common factor of 366706004 and 114?
38
Calculate the highest common factor of 10358229 and 357.
21
Calculate the highest common factor of 214482697 and 2717.
2717
Calculate the greatest common divisor of 465 and 55864077.
93
Calculate the greatest common factor of 287132 and 5612.
92
What is the greatest common divisor of 5457 and 60979?
17
What is the highest common divisor of 74664546 and 55?
11
Calculate the greatest common divisor of 99 and 18967509.
99
Calculate the highest common factor of 7304060 and 24220.
3460
Calculate the greatest common factor of 3525528 and 41888.
136
What is the greatest common factor of 615820 and 620?
20
What is the greatest common divisor of 20075 and 731095?
365
Calculate the greatest common divisor of 162 and 984522.
6
Calculate the greatest common divisor of 7278143 and 69.
23
What is the greatest common divisor of 6 and 275600979?
3
Calculate the greatest common factor of 589360 and 1381180.
1060
Calculate the greatest common divisor of 2553967 and 78.
13
What is the highest common divisor of 354279473 and 68?
17
What is the greatest common divisor of 36383399 and 7449?
2483
Calculate the greatest common factor of 201637926 and 26376.
6594
What is the highest common divisor of 1182 and 1412912762?
394
What is the highest common factor of 20797854 and 97446?
654
Calculate the highest common divisor of 239627 and 232.
29
Calculate the highest common factor of 27 and 1896309.
9
Calculate the highest common divisor of 37909586 and 3154.
166
What is the highest common divisor of 3625 and 899029?
29
Calculate the greatest common divisor of 1940 and 217118980.
1940
Calculate the highest common divisor of 939160 and 8640.
40
What is the highest common divisor of 53326 and 65316146?
4102
What is the highest common factor of 12954 and 234950?
254
Calculate the highest common divisor of 254 and 12658.
2
Calculate the highest common factor of 16356648 and 3006.
1002
What is the highest common factor of 912180 and 6486?
138
What is the highest common factor of 172569 and 115743?
123
What is the highest common factor of 298606 and 9086?
154
Calculate the greatest common factor of 3767180 and 55.
5
Calculate the highest common factor of 589 and 1095787.
19
What is the highest common factor of 42916248 and 1224?
72
What is the greatest common divisor of 10 and 4057670?
10
Calculate the highest common divisor of 31245 and 339801873.
6249
What is the highest common divisor of 705 and 243935?
5
Calculate the greatest common divisor of 2479 and 100500.
67
What is the greatest common factor of 3204 and 36189?
9
What is the highest common divisor of 1891 and 735785?
31
Calculate the highest common factor of 11209395 and 4485.
345
What is the highest common divisor of 117 and 222303?
3
Calculate the highest common factor of 836 and 3244582880.
836
What is the highest common factor of 484685 and 28055?
155
What is the greatest common divisor of 6200964 and 418?
22
What is the greatest common factor of 206446 and 43562?
1894
Calculate the highest common divisor of 2560 and 240896.
256
Calculate the highest common factor of 1253434 and 351.
13
What is the greatest common divisor of 2240733 and 33?
33
What is the highest common divisor of 592 and 763384?
296
Calculate the highest common factor of 81702 and 202878.
918
What is the highest common factor of 87438935 and 20?
5
What is the highest common divisor of 87792 and 31259616?
2832
Calculate the greatest common factor of 217094900 and 150.
50
Calculate the greatest common factor of 47547 and 3667576.
587
Calculate the highest common divisor of 13722561 and 81.
27
What is the greatest common factor of 102406063 and 699?
233
What is the greatest common factor of 74800 and 94826?
34
Calculate the greatest common divisor of 55268 and 10483396.
1348
What is the highest common factor of 1140420374 and 62?
62
What is the highest common factor of 114116593 and 3358?
1679
Calculate the highest common divisor of 4379139 and 1197.
171
What is the greatest common divisor of 3209122 and 35?
7
Calculate the highest common divisor of 53450760 and 220.
220
Calculate the greatest common divisor of 270 and 573220.
10
Calculate the highest common divisor of 88235948 and 21852.
2428
What is the greatest common divisor of 1989 and 570951?
9
What is the greatest common factor of 5050131 and 347007?
3369
What is the greatest common divisor of 589192 and 1260?
4
Calculate the greatest common factor of 770600 and 410600.
200
Calculate the highest common factor of 1210853 and 9799.
41
Calculate the greatest common divisor of 91308 and 1002.
6
What is the greatest common divisor of 10 and 806270?
10
Calculate the highest common factor of 42 and 164605122.
6
What is the highest common factor of 427894960 and 32960?
8240
Calculate the highest common divisor of 44 and 28118266.
22
Calculate the highest common divisor of 50753256 and 741.
57
Calculate the highest common divisor of 7073 and 44802311.
643
Calculate the greatest common divisor of 792 and 971393148.
396
Calculate the greatest common factor of 55 and 115249.
1
What is the highest common factor of 2646 and 1237054?
98
What is the greatest common factor of 12 and 39899310?
6
What is the greatest common divisor of 426 and 984081?
3
Calculate the greatest common divisor of 456000 and 550905.
285
Calculate the highest common divisor of 2527 and 14889.
7
What is the greatest common divisor of 124 and 122285514?
62
What is the greatest common divisor of 16 and 1929907064?
8
Calculate the highest common divisor of 589136 and 476.
4
What is the greatest common divisor of 151450065 and 520?
65
What is the greatest common divisor of 9964 and 38398076?
212
What is the highest common factor of 127891185 and 570?
285
Calculate the greatest common divisor of 2284 and 7466967.
571
What is the greatest common divisor of 947 and 36602497?
947
Calculate the greatest common divisor of 900890 and 4060.
10
What is the highest common factor of 1548941 and 1?
1
Calculate the greatest common factor of 34125 and 421967.
91
Calculate the greatest common divisor of 141218 and 3158672.
2882
What is the highest common divisor of 113958 and 305136?
234
What is the highest common factor of 396170 and 16946?
458
What is the greatest common divisor of 10648 and 3270267?
1331
Calculate the highest common factor of 1733185 and 116.
29
Calculate the greatest common divisor of 8064154 and 84.
14
What is the greatest common divisor of 116684426 and 2?
2
Calculate the greatest common divisor of 2878085 and 1120.
35
Calculate the highest common factor of 366478 and 73822.
14
What is the greatest common divisor of 2256328782 and 36?
18
What is the highest common factor of 1647520 and 210?
70
Calculate the greatest common factor of 1187299 and 6574.
173
What is the highest common factor of 253 and 1352446?
23
What is the highest common factor of 49217 and 208602739?
7031
Calculate the greatest common factor of 5015246 and 1460.
146
What is the highest common divisor of 1070167 and 1587?
529
Calculate the highest common factor of 7928286 and 6.
6
What is the gre